alse
Suppose 0 = 131382*g - 131360*g - 7570442. Is g a prime number?
True
Let n(y) = -6*y**3 + 6*y**2 + 7*y + 4. Let z(x) = 6*x - 10. Let j be z(2). Let t be 0 + (j/(-6))/(8/120). Is n(t) a composite number?
True
Is 5 + 67625/5 + (-30)/(-30) composite?
True
Let g(f) = f**3 - f**2 - 4*f - 4. Let x be g(4). Suppose -3*d + 25 = -i, -4*d + x = -7*i + 3*i. Suppose -d*b = -7*b - 74. Is b a prime number?
True
Suppose 16*o = 3*s + 12*o - 2923, -5*s + 3*o = -4857. Let v = s - 470. Is v a composite number?
False
Let a be (-2)/(-3)*(-405)/30. Let l(w) = -6*w**3 - 9*w**2 + 6*w + 56. Is l(a) composite?
True
Suppose 2*j = 4*x - 2*j, 2*x - 4 = 4*j. Let m be (-44)/11*(4 - x). Is ((-4)/(-6)*9)/(m/(-4908)) a composite number?
True
Let w(b) = -2148*b + 43. Let d = -2 + 0. Is w(d) composite?
False
Let o = -138 - -1194. Suppose -5*t - o = -4961. Is t prime?
False
Let g be 0*8/(96/6). Suppose g = -2*v + 10, 0 = -l - 5*v - 8386 + 25410. Is l a composite number?
True
Let r(u) = -93*u**2 + 5381 + 7*u - 3*u + 3*u + 91*u**2. Is r(0) a prime number?
True
Let r(z) = -7*z - 11. Let b(a) = 7*a + 10. Let k(o) = -3*b(o) - 2*r(o). Let j be k(4). Let n = j - -39. Is n a composite number?
False
Let z(s) = 3*s**2 - 2*s + 2. Let h be z(2). Let p(t) = -13*t + 7. Let d be p(h). Let b = d + 182. Is b a composite number?
False
Suppose 0 = -22*i + 20*i + 4. Suppose 0*r = i*r - 6. Suppose 5*x + 2046 = r*f, 6*x + 692 = f + x. Is f a prime number?
True
Is (-361237560)/(-465) - (-6)/186 prime?
False
Suppose -4 = y - 2*q, 5*q = 4*y + 17 - 10. Suppose 0 = y*w - 4*s - 81594, -9*w - 3*s = -6*w - 122427. Is w composite?
True
Suppose 12*i - 15248 = 10*i. Let j = i - 1277. Is j a composite number?
True
Let x = -349996 - -623453. Is x prime?
True
Let r = -85686 + 306215. Is r a prime number?
True
Let j(p) = -20118*p - 5951. Is j(-9) a prime number?
False
Let k be (-60)/30*7/2. Is (-751455)/(-105) - (-3 - 19/k) prime?
False
Suppose 59421 = 3*h + 2*f, -5*f + 30601 - 10820 = h. Is h composite?
True
Suppose 4*s = 4*a - 882908, -11*s + 6 = -10*s. Is a composite?
True
Let v(h) = 1536*h**3 + 13*h**2 - 101*h - 9. Is v(10) composite?
False
Let l(u) = -26*u**2 - 3*u + 4. Suppose 3*f - 5*w = -29, w - 7 = 4*f + 9. Let g be l(f). Is (23 - 21)*g/(-2) a prime number?
False
Suppose 0 = -3*a + q + 18199, q + 6067 = -13*a + 14*a. Let j = a - -6977. Is j prime?
True
Let o = 49980 - -9017. Is o composite?
False
Let j(t) = -10*t - 71. Let u be j(-26). Let o = u - -104. Is o a prime number?
True
Suppose -7*p + 297266 - 28809 = 0. Is p a prime number?
True
Let h be (-53991)/(-12) - -3 - (-9)/12. Suppose -4*r + 66588 = 4*q, 2*q + 4*r - h = 28787. Is q a composite number?
False
Suppose 6*v = -3*v. Suppose v*s - 14 = 2*s. Is 2080/6 + s/(-21) a prime number?
True
Let p be 5/(-10)*(-100 - -2). Is ((-41188)/p)/(-1) - (-6)/14 prime?
False
Let m = -143 + 626. Suppose -3*h - 6 = -5*h. Suppose 0*t - h*t + m = 0. Is t a prime number?
False
Let l(k) be the third derivative of -k**6/20 - 11*k**5/60 + k**4 + 40*k**3/3 + 19*k**2. Is l(-15) a prime number?
False
Let k(t) = 2*t**3 + 51*t**2 - 27*t - 5. Let f be k(-26). Suppose -f*b - 60153 = -24*b. Is b a composite number?
False
Let q be (12/(-21))/((8/14)/2). Is (56/(-4))/(q*3/393) a prime number?
False
Let l(i) = i**3 - 3*i**2 - 4*i + 1. Let j = -2 - -6. Suppose -3*d = 5*k - 38, d + 2*k + 2 = j*k. Is l(d) composite?
True
Suppose z + 17507 = -2*z + 5*s, 4*s = -5*z - 29240. Let l = -935 - z. Is l prime?
True
Let v be 102*(16/12)/2. Suppose -2*k + v + 466 = 0. Is k a prime number?
False
Let r(u) = -u**3 - 7*u**2 - 5*u + 1. Let m be r(-6). Is -178*((-66)/12 - m) a composite number?
False
Let l be -1*(-1*(1 + 1) - 3). Let y be -5*l/20*28. Is (-2705)/y - 2/7 a composite number?
True
Let k = 336 + -342. Is 1/(-1)*1746/k composite?
True
Suppose -13*z + 10*z + 1176 = 0. Suppose -8*a = -9*a + z. Let f = 51 + a. Is f composite?
False
Suppose 3405836 + 2444780 = 8*a. Is a a prime number?
True
Let q(u) = -u**2 - 7*u + 9. Let s be q(-8). Let o(m) = 1860*m**3 + m. Is o(s) prime?
True
Let p = -58 + 61. Let s be 5/(-10)*-2 + p. Suppose -s*x + 1437 = -x. Is x composite?
False
Let i(t) = 2*t**2 - 21*t + 3. Let o be i(9). Is o/40 - (-79854)/15 prime?
True
Let g = 508 - 547. Is (1594 - g)*2/4*2 prime?
False
Let x(k) = 7181*k - 155. Let a be x(7). Let h = a + -27679. Is h a prime number?
True
Let m(q) = 3*q**2 + 5779. Let p be ((13 - 13)/(2/(-1)))/1. Is m(p) prime?
True
Let n(g) = -g**2 - 6*g - 4. Let p be n(-6). Let s(t) = -99*t - 168 + 17*t + 159. Is s(p) prime?
False
Let v(d) = -4658*d + 12. Let b be v(-2). Suppose 2*h = 3*y + 15677, 3*y - 5*h + 5243 = 2*y. Let c = b + y. Is c prime?
False
Suppose -7*n = 29778 - 172060. Suppose n = -9*w + 70555. Is w composite?
False
Suppose 21 = 17*z - 30. Suppose -1814 = -2*u - 7*x + 12*x, -z*u = 5*x - 2721. Is u composite?
False
Suppose -4*o + 4*r + 43136 = 0, 53940 = -3*o + 8*o - r. Let i = -6740 + o. Is i prime?
True
Let j(r) = 4882*r - 579 + 2104*r - 565 + 1161. Is j(2) prime?
False
Suppose 0 = 53579*k - 53615*k + 7184124. Is k composite?
False
Let v = 42500 + -2677. Is v a composite number?
True
Suppose 0 = -24*w + 17*w. Suppose w = j + j + 4*t - 1592, -5*j = -3*t - 3967. Is j a composite number?
True
Suppose 3*c - 4*t - 1305 - 12777 = 0, 3*c + 5*t - 14082 = 0. Is c a composite number?
True
Let q = -342 - -347. Let p(g) = 102*g**3 + 17*g**2 - 17*g + 3. Is p(q) prime?
True
Let o be 5/5 + 0 - -2. Let b be (8/(-12))/(2/o) + 1110. Let r = b + -418. Is r a prime number?
True
Suppose 0 = -9*f + 20*f + 363. Is (-73641)/f + (-42)/77 a composite number?
True
Let o = -10809 - -11275. Is o a prime number?
False
Suppose -2*b - 8 = -2*o, -12 = b + 5*o - 38. Is (-18 - -13) + b + 1 - -3724 a composite number?
True
Let z(y) = -177448*y**3 + 3*y**2 - 4. Let k be z(-2). Suppose 258021 = -41*l + k. Is l a composite number?
True
Suppose -11*t + 13*t = 3*y - 197857, 2*y + 4*t = 131894. Is y a composite number?
False
Let y(x) = 65*x**2 + 35*x - 7. Let f be 48/(-72) + 32/(-6). Is y(f) composite?
True
Let g(o) = 126*o**2 - 6*o - 5. Let h be g(-6). Let y = -887 - 1735. Let t = y + h. Is t a prime number?
False
Let i(u) = -1170*u + 4259. Is i(-35) composite?
True
Let y(a) = 335*a - 97. Let u be (18*6/15)/(4/10). Is y(u) a composite number?
True
Let k(m) = -m + 26. Let l be k(21). Suppose 5*n + 0*u - l*u + 105 = 0, 2*u = 5*n + 90. Is (-27027)/(-88) - (-2)/n composite?
False
Suppose 3*u - k - 55 = -0*k, 0 = 3*u + 2*k - 52. Let s(m) = 9 + u*m - 13 + 8. Is s(3) prime?
False
Suppose -8*c + 58*c - 150 = 0. Suppose 3*q - 5331 = 19*t - 14*t, 0 = c*q + 3*t - 5331. Is q prime?
True
Suppose 2 = 2*i, 19*n = 14*n - 2*i + 1537. Is n a composite number?
False
Let d = -211750 + 527817. Is d composite?
False
Let g(h) = 30*h**3 + 8*h**2 - 3*h - 7. Let b(x) = -x**2 + x + 1. Let k(w) = -6*b(w) - g(w). Let p = -13 - -9. Is k(p) a composite number?
False
Let z = 252819 - 123652. Is z prime?
False
Let o = -41306 - -75537. Is o prime?
True
Let n(s) = -226*s - 7. Let t be n(-14). Let m = 1309 + -2181. Let y = t + m. Is y prime?
False
Let w be (-1 + 6 - -5) + -5. Let a be (-6)/w*20/(-12). Suppose 4*u - a*j = 3682, -3*u + 2764 = -3*j + 2*j. Is u a prime number?
False
Is (19 - 18 - 14/2) + -1 + 1226264 a prime number?
True
Suppose k - 181245 = 2*h, -25*h + 4 = -21*h. Is k prime?
False
Let v be -4 + 162/39 - 315/(-65). Suppose -2*i - v*n + 1668 = 0, -2*n = -3*n - 2. Is i a prime number?
True
Let c = -228 - -235. Let w(j) be the first derivative of 40*j**2 - 23*j + 3. Is w(c) prime?
False
Let g = 68020 + 11299. Is g a composite number?
False
Suppose d - 3*k - 17255 = 0, 9*d - 3*k = 6*d + 51729. Is d composite?
True
Let o(q) = -1125*q - 14 + 206 + 62. Is o(-9) composite?
True
Let d be (11 - 12)*(-210 + 1). Let m = -128 + d. Suppose -4*n - m = -797. Is n a prime number?
True
Suppose -188990 + 38324 = -6*j. Is j composite?
False
Suppose b = 4 + 1. Suppose 80 = -b*q - 0*q. Is ((-30)/4)/(8/q) prime?
False
Suppose 499*z = 517*z - 115866. Is z prime?
False
Let i(g) = 4*g**3 - 10*g**2 + 2*g + 17. Suppose -8*m + 2*m + 66 = 0. Is i(m) a composite number?
False
Let i(k) = 10662*k - 2929. Is i(7) prime?
False
Let u be (-8)/40 - (-1)/5. Suppose 0*c + 30 = 6*c. Suppose u = -c*a + 6*t - 2*t + 25849, 2*a - 3*t = 10334. Is a a co